*m. Calculate the greatest common divisor of u and 208.
52
Let h(b) = 3*b**2 + 1. Suppose v + 2*u = -3, 4*v + 3*u = 2*v - 5. Let p be h(v). Calculate the greatest common divisor of p and 44.
4
Suppose 5*z - 18 = 12. Let g = z - -8. What is the highest common factor of 84 and g?
14
Suppose 8 = -2*b + 36. Calculate the greatest common factor of 28 and b.
14
Let n(a) = 10*a**2 - 1. Let w be n(-1). Calculate the greatest common factor of 36 and w.
9
Let z = -118 + 217. What is the greatest common divisor of z and 11?
11
Let m be ((-495)/(-6))/(-3)*-2. What is the greatest common divisor of m and 11?
11
Let t = -21 - -12. Let q = -7 - t. What is the greatest common factor of q and 10?
2
Suppose -3*u + 183 = -297. What is the greatest common factor of u and 20?
20
Let x be (0 + 5)*18/5. Let b = -8 + x. Suppose -4*d + 46 + b = 0. Calculate the greatest common factor of d and 28.
14
Suppose 2*p + p - 141 = 3*a, -p + 22 = 4*a. Calculate the highest common divisor of 56 and p.
14
Suppose 2 = -2*f + 6, 0 = -l - f + 40. Let c be -4 - l/(-5 - -3). Calculate the highest common factor of c and 6.
3
Let j = -80 - -102. Calculate the greatest common divisor of j and 11.
11
Let t(a) = a - 7. Let d(m) = -4. Let c(r) = -5*d(r) + 3*t(r). Let b be c(1). Let j = 34 + b. Calculate the greatest common divisor of 4 and j.
4
Let h(x) = 4*x - 47. Let k be h(17). Calculate the greatest common factor of 7 and k.
7
Let b(p) = 3*p**2 - 40*p - 42. Let w be b(17). Calculate the greatest common divisor of 58 and w.
29
Suppose 5*m = 3*r - 7*r - 225, -5*r + 4*m - 312 = 0. Let a = r + 115. Calculate the highest common divisor of 5 and a.
5
Let q(u) = u**3 - u**2 - u + 15. Let y be q(0). Suppose 3*w = 3*o - 5*o - 17, 4*w + 20 = -2*o. Let f = -1 - o. Calculate the highest common divisor of f and y.
3
Let a be 669/15 + 1 + 3/(-5). What is the highest common factor of a and 9?
9
Let v(y) = -y**3 + 9*y**2 + 2*y - 8. Let z be ((-9)/(-15))/(2/30). Let r be v(z). Calculate the greatest common divisor of 50 and r.
10
Suppose -5*t - 1 = -y + 10, -y - 4*t = -29. Let m(o) = 21*o. Let w be m(5). Calculate the greatest common factor of w and y.
21
Let x be -2*-3*2/6. Calculate the highest common divisor of 2 and x.
2
Suppose -4*u - 3*i + 282 + 93 = 0, -4*u - 4*i = -372. What is the greatest common factor of u and 12?
12
Suppose -40 = -2*b - 3*u + 5*u, -5*u + 68 = 2*b. Suppose -b = -4*o + 12. Let t(p) = -49*p + 1. Let y be t(-2). What is the highest common divisor of o and y?
9
Suppose 4*t = -6*b + 3*b + 101, -4*t - 109 = -3*b. What is the greatest common factor of b and 175?
35
Suppose -3*d = 16 - 1, 4*f - 5*d = 21. Let r = 5 - f. Let c = 13 - -35. What is the highest common factor of c and r?
6
Suppose 18 = -0*g + g. Suppose d - g + 7 = 0. What is the greatest common divisor of d and 22?
11
Let w = -2 - 0. Let h be (-2 - (0 - w)) + 2. Let g be ((-6)/h)/((-1)/(-11)). Calculate the highest common factor of 3 and g.
3
Let k(h) = -4*h**3 - h**2 - 5*h - 2. Let m be k(-3). Calculate the highest common factor of m and 16.
16
Let p be (-2)/1*(-195)/30. What is the greatest common factor of 117 and p?
13
Let l(m) = 2*m**2 + 3*m - 8. Let a be l(-5). What is the greatest common factor of a and 9?
9
Let l(v) = 14*v + 6. Let g be l(5). Let c = g - 34. What is the greatest common divisor of 28 and c?
14
Let s = 15 - 3. Calculate the highest common divisor of 204 and s.
12
Suppose -5 = -3*m + 2*r + 6, -2*r - 7 = m. What is the greatest common factor of m and 4?
1
Let b be 2 - ((7 - 3) + -2). Let c = 33 - b. What is the highest common factor of c and 11?
11
Let u(c) = -c**2 - 5*c + 7. Let w be u(-6). Let x be (w + 1)*(-290)/(-20). Calculate the highest common divisor of x and 203.
29
Let l(u) = -u**3 - 9*u**2 - 6*u + 6. Let n be l(-9). What is the greatest common factor of 150 and n?
30
Let f be ((-1)/5)/((-9)/495). What is the highest common divisor of f and 121?
11
Let k be -5*((-88)/5)/1. Let d(u) = u**2 - 3*u - 7. Let a be d(6). Calculate the highest common factor of k and a.
11
Let f = 26 - 16. Suppose -3*a + 8 + 31 = 0. Let s = a - f. Calculate the greatest common factor of s and 15.
3
Let v = 6 - 0. Suppose -v*j = -8*j + 14. Calculate the greatest common divisor of j and 7.
7
Suppose 20 - 1 = c. Calculate the highest common factor of 209 and c.
19
Suppose 0 = -4*l - l + 55. Let h = 15 + 7. Calculate the greatest common factor of l and h.
11
Suppose 0 = -5*n + i - 2, 3*n + 6 = 5*n + 3*i. Let k = n + 1. Let b be (-1 + 33 - 2)/k. Calculate the highest common factor of 20 and b.
10
Let c be (-2)/(-3) + (-70)/(-3). Suppose -14 = -3*m + 10. Calculate the highest common factor of c and m.
8
Let k(b) be the second derivative of 0*b**3 - 1/2*b**2 + 0 + 43/12*b**4 - b. Let t be k(-1). Calculate the greatest common factor of t and 6.
6
Let v(q) = 2*q**2 + q - 1. Let s be v(3). Let g be s - 1 - (-4 + 3). Let o(p) = -16*p. Let y be o(-5). What is the highest common divisor of y and g?
20
Let m be 52 + (4 - -1) + -6. What is the highest common factor of 3 and m?
3
Let y = -13 + 21. Suppose -c + 3*j - 15 - y = 0, -5*j + 17 = c. Let a be (-3)/((c/(-6))/(-4)). What is the highest common factor of 81 and a?
9
Suppose 2*s + 118 = u, 3*s = -2*u + s + 266. Calculate the greatest common factor of 16 and u.
16
Suppose 0 = -3*z - 0*z + 24. Let b(p) = -p + 2. Let k be b(-6). What is the highest common divisor of k and z?
8
Suppose 0 = 5*g - 0*r - 2*r - 106, 0 = -r + 2. What is the highest common divisor of g and 2?
2
Suppose -u + 358 = 4*l, -4*l + 4*u + 168 = -200. Calculate the highest common divisor of 18 and l.
18
Suppose 4*w = 5*x - 0*w + 241, 5*x + 2*w = -217. Let d = x + 106. Suppose h + 11 - d = 0. Calculate the greatest common divisor of h and 20.
10
Let x be (-4)/(-6)*(12 + -9). Let k = 0 + 0. Suppose 2*q + 90 = x*m, k = -2*q - 2*q. What is the highest common factor of m and 15?
15
Let y(c) = 9*c - 78. Let m be y(16). What is the highest common divisor of 88 and m?
22
Let t(n) = -147*n**3 - n**2 + 2*n + 3. Let r be t(-1). What is the greatest common divisor of r and 21?
21
Let v = 48 + -38. What is the highest common factor of 50 and v?
10
Suppose -4*y - 15 = -2*l + 9, 4*y + 12 = l. Calculate the greatest common factor of l and 204.
12
Let b(g) = 7*g**2 + 2*g + 1. Let h be b(-2). Let o = 340 + -190. What is the greatest common divisor of o and h?
25
Suppose 0 = -5*x + 2*s + 180 + 22, 39 = x + s. What is the highest common factor of 60 and x?
20
Let g be 602/(-56) + 2/(-8). Let l = g - -29. What is the highest common factor of l and 12?
6
Suppose 6*k + 24 = 2*k. Let i = 8 + k. Suppose r = 2*j - r - 36, -i*j + 33 = -r. What is the highest common divisor of 75 and j?
15
Let h be -3 + (-51)/(-15) - (-196)/10. What is the highest common factor of 180 and h?
20
Suppose 3*m - 2*v + 26 - 118 = 0, 2*v = -2. Let g(w) = -w**2 + 9*w. Let p be g(4). Calculate the highest common divisor of m and p.
10
Suppose 20 = 2*w - u, 4*u - 18 - 23 = -3*w. Let d be 0 - (2/1)/(-2). Calculate the highest common divisor of d and w.
1
Let s = -9 + 17. Calculate the greatest common factor of s and 12.
4
Let a = 91 - 31. Calculate the greatest common divisor of 12 and a.
12
Let o(t) = -t - 8. Let s be o(-6). Let q = s - -4. Let n be 7 + -2 + q + 1. Calculate the greatest common divisor of n and 16.
8
Suppose 6*p = p + 180. Calculate the highest common factor of 90 and p.
18
Let g(j) = j**2 + 6*j + 6. Let o be g(-5). Calculate the highest common factor of o and 17.
1
Suppose 4*o - 150 = -c, -151 = -3*c + 2*c - 3*o. Calculate the highest common factor of c and 22.
22
Let i be (-2 - -3)*-19*1. Let j = -13 - i. Let x be j*1*(-2)/(-4). Calculate the greatest common divisor of x and 1.
1
Suppose 1 = -4*n - n - 4*w, -3*n - 5*w = -2. Suppose 6 = 2*h + 22. Let a be (-25)/n + 9 + h. Calculate the highest common factor of a and 39.
13
Let v(r) = r**3 + 9*r**2 + 8*r + 14. Let x be v(-8). Calculate the highest common factor of 56 and x.
14
Let i(g) = -3*g - 9. Let r be i(-7). Suppose 0*x = 3*x - r. Let n be (-1)/(-4) - 62/(-8). What is the greatest common divisor of x and n?
4
Let d be 28/6 - 1/(-3). Suppose 4 = 3*o + q, 0 = -o - 2*o - d*q - 16. Suppose -4*s = o - 31. What is the highest common factor of 7 and s?
7
Let f(t) = 3*t**2 - 3*t + 4. Let k be f(-3